er when 1885 is divided by 51?
49
What is the remainder when 57 is divided by 21?
15
Calculate the remainder when 2351 is divided by 42.
41
What is the remainder when 153 is divided by 36?
9
What is the remainder when 871 is divided by 860?
11
What is the remainder when 1795 is divided by 34?
27
What is the remainder when 145 is divided by 25?
20
What is the remainder when 56 is divided by 43?
13
Calculate the remainder when 40709 is divided by 15.
14
Calculate the remainder when 709 is divided by 230.
19
What is the remainder when 1203 is divided by 151?
146
What is the remainder when 60 is divided by 21?
18
What is the remainder when 150 is divided by 21?
3
What is the remainder when 354 is divided by 105?
39
What is the remainder when 70 is divided by 20?
10
Calculate the remainder when 15 is divided by 1.
0
What is the remainder when 441 is divided by 143?
12
What is the remainder when 34939 is divided by 28?
23
Calculate the remainder when 2456 is divided by 189.
188
What is the remainder when 149 is divided by 42?
23
Calculate the remainder when 535 is divided by 108.
103
Calculate the remainder when 480 is divided by 61.
53
What is the remainder when 2493 is divided by 78?
75
What is the remainder when 963 is divided by 75?
63
What is the remainder when 440 is divided by 74?
70
What is the remainder when 156 is divided by 28?
16
What is the remainder when 268 is divided by 33?
4
Calculate the remainder when 83 is divided by 17.
15
What is the remainder when 30 is divided by 28?
2
Calculate the remainder when 718 is divided by 119.
4
Calculate the remainder when 1351 is divided by 96.
7
Calculate the remainder when 17022 is divided by 227.
224
Calculate the remainder when 2274 is divided by 69.
66
Calculate the remainder when 803 is divided by 62.
59
What is the remainder when 845 is divided by 222?
179
What is the remainder when 2348 is divided by 8?
4
Calculate the remainder when 313 is divided by 19.
9
Calculate the remainder when 43 is divided by 35.
8
Calculate the remainder when 855 is divided by 518.
337
Calculate the remainder when 1150 is divided by 150.
100
What is the remainder when 1209 is divided by 14?
5
Calculate the remainder when 31 is divided by 19.
12
What is the remainder when 276 is divided by 270?
6
Calculate the remainder when 87 is divided by 26.
9
Calculate the remainder when 1453 is divided by 43.
34
What is the remainder when 244 is divided by 8?
4
Calculate the remainder when 642 is divided by 23.
21
Calculate the remainder when 504 is divided by 22.
20
Calculate the remainder when 1715 is divided by 69.
59
What is the remainder when 62 is divided by 61?
1
Calculate the remainder when 3850 is divided by 1925.
0
What is the remainder when 877 is divided by 109?
5
What is the remainder when 1507 is divided by 42?
37
What is the remainder when 176 is divided by 36?
32
What is the remainder when 6317 is divided by 162?
161
What is the remainder when 13931 is divided by 4643?
2
What is the remainder when 1438 is divided by 294?
262
What is the remainder when 173 is divided by 30?
23
Calculate the remainder when 312 is divided by 286.
26
Calculate the remainder when 33 is divided by 17.
16
What is the remainder when 2997 is divided by 60?
57
What is the remainder when 10889 is divided by 7?
4
What is the remainder when 175 is divided by 36?
31
Calculate the remainder when 109 is divided by 31.
16
Calculate the remainder when 7296 is divided by 25.
21
Calculate the remainder when 3548 is divided by 48.
44
What is the remainder when 253 is divided by 15?
13
What is the remainder when 183 is divided by 69?
45
What is the remainder when 686 is divided by 170?
6
What is the remainder when 2582 is divided by 217?
195
Calculate the remainder when 223 is divided by 29.
20
Calculate the remainder when 10 is divided by 8.
2
What is the remainder when 241 is divided by 78?
7
What is the remainder when 803 is divided by 389?
25
What is the remainder when 137 is divided by 38?
23
Calculate the remainder when 525 is divided by 125.
25
Calculate the remainder when 58 is divided by 22.
14
What is the remainder when 357 is divided by 30?
27
Calculate the remainder when 567 is divided by 14.
7
Calculate the remainder when 368 is divided by 74.
72
Calculate the remainder when 53 is divided by 29.
24
Calculate the remainder when 448 is divided by 6.
4
What is the remainder when 194 is divided by 11?
7
Calculate the remainder when 218 is divided by 17.
14
What is the remainder when 112 is divided by 29?
25
What is the remainder when 1107 is divided by 364?
15
Calculate the remainder when 448 is divided by 75.
73
What is the remainder when 1042 is divided by 29?
27
Calculate the remainder when 573 is divided by 60.
33
Calculate the remainder when 1794 is divided by 259.
240
Calculate the remainder when 2325 is divided by 461.
20
What is the remainder when 29 is divided by 27?
2
Calculate the remainder when 253 is divided by 8.
5
Calculate the remainder when 1023 is divided by 166.
27
Calculate the remainder when 727 is divided by 9.
7
What is the remainder when 788 is divided by 62?
44
What is the remainder when 162 is divided by 34?
26
What is the remainder when 418 is divided by 20?
18
What is the remainder when 2084 is divided by 298?
296
What is the remainder when 1468 is divided by 6?
4
What is the remainder when 659 is divided by 24?
11
What is the remainder when 327 is divided by 84?
75
What is the remainder when 1274 is divided by 169?
91
Calculate the remainder when 16 is divided by 3.
1
What is the remainder when 7587 is divided by 2529?
0
Calculate the remainder when 291 is divided by 75.
66
Calculate the remainder when 627 is divided by 42.
39
What is the remainder when 530 is divided by 89?
85
Calculate the remainder when 65 is divided by 5.
0
Calculate the remainder when 175 is divided by 5.
0
What is the remainder when 988 is divided by 11?
9
Calculate the remainder when 852 is divided by 45.
42
What is the remainder when 682 is divided by 9?
7
What is the remainder when 32 is divided by 9?
5
Calculate the remainder when 17418 is divided by 130.
128
What is the remainder when 24 is divided by 19?
5
What is the remainder when 804 is divided by 222?
138
Calculate the remainder when 1351 is divided by 148.
19
What is the remainder when 398 is divided by 15?
8
Calculate the remainder when 362 is divided by 143.
76
Calculate the remainder when 5252 is divided by 39.
26
What is the remainder when 230 is divided by 3?
2
What is the remainder when 10821 is divided by 22?
19
Calculate the remainder when 3228 is divided by 1603.
22
What is the remainder when 1053 is divided by 1042?
11
What is the remainder when 2561 is divided by 33?
20
What is the remainder when 236 is divided by 22?
16
Calculate the remainder when 103 is divided by 102.
1
What is the remainder when 347 is divided by 14?
11
What is the remainder when 589 is divided by 194?
7
What is the remainder when 6467 is divided by 166?
159
Calculate the remainder when 39 is divided by 11.
6
Calculate the remainder when 1128 is divided by 7.
1
What is the remainder when 1283 is divided by 5?
3
Calculate the remainder when 1134 is divided by 198.
144
What is the remainder when 54 is divided by 13?
2
Calculate the remainder when 1254 is divided by 151.
46
What is the remainder when 1032 is divided by 261?
249
Calculate the remainder when 150 is divided by 76.
74
Calculate the remainder when 15660 is divided by 82.
80
Calculate the remainder when 356 is divided by 110.
26
What is the remainder when 12473 is divided by 120?
113
Calculate the remainder when 63 is divided by 18.
9
What is the remainder when 60 is divided by 16?
12
What is the remainder when 81 is divided by 3?
0
Calculate the remainder when 425 is divided by 30.
5
Calculate the remainder when 172 is divided by 88.
84
Calculate the remainder when 1606 is divided by 31.
25
What is the remainder when 581 is divided by 197?
187
Calculate the remainder when 1291 is divided by 60.
31
What is the remainder when 1033 is divided by 150?
133
What is the remainder when 236 is divided by 40?
36
Calculate the remainder when 503 is divided by 502.
1
What is the remainder when 2492 is divided by 276?
8
Calculate the remainde